 993169
What are the prime factors of 237279?
3, 7, 11299
What are the prime factors of 407635?
5, 81527
What are the prime factors of 5011804?
2, 7, 17, 10529
What are the prime factors of 487875?
3, 5, 1301
What are the prime factors of 8068053?
3, 7, 384193
List the prime factors of 105679.
7, 31, 487
What are the prime factors of 134794?
2, 11, 557
List the prime factors of 544974.
2, 3, 61, 1489
List the prime factors of 9480698.
2, 4740349
What are the prime factors of 641632?
2, 20051
What are the prime factors of 473873?
53, 8941
List the prime factors of 376776.
2, 3, 5233
What are the prime factors of 16266257?
7, 83, 27997
What are the prime factors of 8463548?
2, 41, 51607
List the prime factors of 1655655.
3, 5, 23, 4799
What are the prime factors of 115592?
2, 14449
What are the prime factors of 1051145?
5, 210229
What are the prime factors of 941507?
7, 19, 7079
List the prime factors of 7874072.
2, 73, 97, 139
What are the prime factors of 2754838?
2, 43, 103, 311
What are the prime factors of 8009356?
2, 2002339
List the prime factors of 3982228.
2, 101, 9857
What are the prime factors of 1243860?
2, 3, 5, 20731
List the prime factors of 239675.
5, 9587
What are the prime factors of 4803679?
4803679
What are the prime factors of 2379430?
2, 5, 277, 859
List the prime factors of 846778.
2, 423389
List the prime factors of 250041.
3, 11, 7577
What are the prime factors of 12767423?
59, 216397
What are the prime factors of 24401?
13, 1877
What are the prime factors of 1880218?
2, 43, 21863
List the prime factors of 14025504.
2, 3, 146099
List the prime factors of 152051.
383, 397
What are the prime factors of 22374379?
491, 45569
List the prime factors of 838219.
17, 49307
What are the prime factors of 361363?
361363
What are the prime factors of 196951?
37, 5323
List the prime factors of 167043.
3, 55681
What are the prime factors of 3031761?
3, 61, 16567
What are the prime factors of 4136130?
2, 3, 5, 15319
List the prime factors of 422816.
2, 73, 181
What are the prime factors of 205706?
2, 163, 631
List the prime factors of 182413.
7, 11, 23, 103
What are the prime factors of 354848?
2, 13, 853
List the prime factors of 3962068.
2, 11, 53, 1699
What are the prime factors of 108197?
257, 421
List the prime factors of 11528029.
11528029
What are the prime factors of 1723305?
3, 5, 131, 877
What are the prime factors of 19814946?
2, 3, 29, 263, 433
List the prime factors of 2489321.
2489321
What are the prime factors of 10556470?
2, 5, 37, 103, 277
List the prime factors of 6648934.
2, 3324467
What are the prime factors of 10101737?
10101737
List the prime factors of 4151941.
4151941
What are the prime factors of 257562?
2, 3, 41, 349
List the prime factors of 9797335.
5, 43, 45569
List the prime factors of 1162480.
2, 5, 11, 1321
What are the prime factors of 342717?
3, 71, 1609
What are the prime factors of 838129?
29, 28901
List the prime factors of 9550282.
2, 7, 53, 61, 211
List the prime factors of 2105968.
2, 43, 3061
List the prime factors of 28769260.
2, 5, 13, 110651
What are the prime factors of 1866466?
2, 7, 133319
What are the prime factors of 5116914?
2, 3, 11, 43, 601
List the prime factors of 33003186.
2, 3, 37, 148663
What are the prime factors of 144196?
2, 13, 47, 59
List the prime factors of 1736944.
2, 11, 71, 139
List the prime factors of 11833858.
2, 37, 43, 3719
List the prime factors of 7402931.
89, 223, 373
What are the prime factors of 115082?
2, 11, 5231
List the prime factors of 26079.
3, 8693
What are the prime factors of 7234427?
29, 249463
List the prime factors of 3570875.
5, 7, 11, 53
What are the prime factors of 207923?
207923
List the prime factors of 140201.
19, 47, 157
List the prime factors of 1422218.
2, 7, 29, 31, 113
What are the prime factors of 541738?
2, 59, 4591
What are the prime factors of 1026130?
2, 5, 7, 107, 137
List the prime factors of 1824942.
2, 3, 7, 43451
What are the prime factors of 568420?
2, 5, 97, 293
What are the prime factors of 1609761?
3, 29, 18503
What are the prime factors of 7902578?
2, 59, 193, 347
List the prime factors of 1698463.
13, 130651
List the prime factors of 41989.
199, 211
What are the prime factors of 2359218?
2, 3, 393203
What are the prime factors of 211069?
83, 2543
List the prime factors of 30044189.
7, 4292027
List the prime factors of 210715.
5, 17, 37, 67
List the prime factors of 798451.
798451
List the prime factors of 8887728.
2, 3, 185161
List the prime factors of 743440.
2, 5, 9293
List the prime factors of 1337724.
2, 3, 37159
List the prime factors of 286564.
2, 31, 2311
List the prime factors of 3800687.
11, 345517
What are the prime factors of 12082015?
5, 11, 23, 9551
What are the prime factors of 140155?
5, 28031
List the prime factors of 27719.
53, 523
List the prime factors of 205107.
3, 7, 9767
What are the prime factors of 1621447?
233, 6959
List the prime factors of 488410.
2, 5, 13, 17
List the prime factors of 5675192.
2, 479, 1481
What are the prime factors of 199876?
2, 107, 467
What are the prime factors of 8405247?
3, 31, 90379
List the prime factors of 6420860.
2, 5, 19, 61, 277
What are the prime factors of 2225194?
2, 1112597
List the prime factors of 2767740.
2, 3, 5, 163, 283
What are the prime factors of 425027?
425027
List the prime factors of 10384205.
5, 13, 12289
What are the prime factors of 2640130?
2, 5, 264013
What are the prime factors of 7073609?
839, 8431
List the prime factors of 823405.
5, 11, 1361
What are the prime factors of 887676?
2, 3, 73973
What are the prime factors of 7240354?
2, 11, 23, 41, 349
What are the prime factors of 15647071?
11, 1422461
What are the prime factors of 17047414?
2, 8523707
List the prime factors of 1315407.
3, 53, 8273
List the prime factors of 169386.
2, 3, 7, 37, 109
List the prime factors of 2431461.
3, 810487
What are the prime factors of 879993?
3, 97777
List the prime factors of 8936997.
3, 2978999
What are the prime factors of 200934?
2, 3, 61
What are the prime factors of 113188?
2, 28297
What are the prime factors of 270870?
2, 3, 5, 9029
What are the prime factors of 784118?
2, 392059
What are the prime factors of 14267155?
5, 7, 407633
What are the prime factors of 21257?
29, 733
What are the prime factors of 1423688?
2, 7, 25423
List the prime factors of 494363.
29, 17047
What are the prime factors of 44210746?
2, 22105373
What are the prime factors of 771860?
2, 5, 38593
What are the prime factors of 1743126?
2, 3, 7, 11
List the prime factors of 1538676.
2, 3, 1583
What are the prime factors of 2634417?
3, 97571
What are the prime factors of 154588?
2, 7, 5521
What are the prime factors of 186041?
186041
List the prime factors of 2888401.
1097, 2633
What are the prime factors of 18430355?
5, 3686071
What are the prime factors of 2655958?
2, 103, 12893
List the prime factors of 1864108.
2, 466027
What are the prime factors of 331292?
2, 13, 23, 277
List the prime factors of 380255.
5, 59, 1289
What are the prime factors of 232259?
232259
List the prime factors of 4879599.
3, 19, 85607
What are the prime factors of 5293923?
3, 37, 1289
What are the prime factors of 1322439?
3, 47, 83, 113
List the prime factors of 12591835.
5, 2518367
List the prime factors of 6946026.
2, 3, 1157671
List the prime factors of 8025952.
2, 11, 151
List the prime factors of 103700.
2, 5, 17, 61
What are the prime factors of 124194?
2, 3, 7, 2957
List the prime factors of 307598.
2, 17, 83, 109
List the prime factors of 622565.
5, 124513
What are the prime factors of 1736597?
73, 23789
List the prime factors of 3579573.
3, 241, 4951
List the prime factors of 2942415.
3, 5, 7, 9341
What are the prime factors of 82592?
2, 29, 89
What are the prime factors of 338169?
3, 13, 23, 29
What are the prime factors of 210371?
7, 41, 733
What are the prime factors of 5071046?
2, 401, 6323
What are the prime factors of 2684128?
2, 37, 2267
What are the prime factors of 459111?
3, 43, 3559
What are the prime factors of 160997?
160997
What are the prime factors of 269805?
3, 5, 17987
List the prime factors of 13187810.
2, 5, 1318781
List the prime factors of 10131403.
10131403
List the prime factors of 97542.
2, 3, 5419
List the prime factors of 22440515.
5, 4488103
List the prime fac